{"id":1282,"date":"2026-03-04T13:58:49","date_gmt":"2026-03-04T12:58:49","guid":{"rendered":"https:\/\/ascla-ambialet.fr\/?page_id=1282"},"modified":"2026-03-30T21:38:49","modified_gmt":"2026-03-30T19:38:49","slug":"expositions-2026","status":"publish","type":"page","link":"https:\/\/ascla-ambialet.fr\/index.php\/expositions-2026\/","title":{"rendered":"Expositions 2026"},"content":{"rendered":"\t\t<div data-elementor-type=\"wp-page\" data-elementor-id=\"1282\" class=\"elementor elementor-1282\">\n\t\t\t\t<div class=\"elementor-element elementor-element-a13a497 e-flex e-con-boxed e-con e-parent\" data-id=\"a13a497\" data-element_type=\"container\">\n\t\t\t\t\t<div class=\"e-con-inner\">\n\t\t\t\t<div class=\"elementor-element elementor-element-1733ea6 elementor-widget elementor-widget-spacer\" data-id=\"1733ea6\" data-element_type=\"widget\" data-widget_type=\"spacer.default\">\n\t\t\t\t<div class=\"elementor-widget-container\">\n\t\t\t\t\t\t\t<div class=\"elementor-spacer\">\n\t\t\t<div class=\"elementor-spacer-inner\"><\/div>\n\t\t<\/div>\n\t\t\t\t\t\t<\/div>\n\t\t\t\t<\/div>\n\t\t\t\t<div class=\"elementor-element elementor-element-dcbc1d0 elementor-widget elementor-widget-heading\" data-id=\"dcbc1d0\" data-element_type=\"widget\" data-widget_type=\"heading.default\">\n\t\t\t\t<div class=\"elementor-widget-container\">\n\t\t\t\t\t<h1 class=\"elementor-heading-title elementor-size-default\">Expositions \u00e0 Ambialet<br><\/h1>\t\t\t\t<\/div>\n\t\t\t\t<\/div>\n\t\t\t\t\t<\/div>\n\t\t\t\t<\/div>\n\t\t<div class=\"elementor-element elementor-element-504ff83 e-flex e-con-boxed e-con e-parent\" data-id=\"504ff83\" data-element_type=\"container\">\n\t\t\t\t\t<div class=\"e-con-inner\">\n\t\t<div class=\"elementor-element elementor-element-f44c025 e-con-full e-flex e-con e-child\" data-id=\"f44c025\" data-element_type=\"container\">\n\t\t\t\t<div class=\"elementor-element elementor-element-3d9f2a5 elementor-widget__width-initial elementor-widget elementor-widget-image\" data-id=\"3d9f2a5\" data-element_type=\"widget\" data-widget_type=\"image.default\">\n\t\t\t\t<div class=\"elementor-widget-container\">\n\t\t\t\t\t\t\t\t\t\t\t\t\t\t\t<img fetchpriority=\"high\" decoding=\"async\" width=\"640\" height=\"480\" src=\"https:\/\/ascla-ambialet.fr\/wp-content\/uploads\/2025\/10\/Exposition-peinture-Ambialet-Tarn.jpg\" class=\"attachment-large size-large wp-image-1085\" alt=\"Eglise Saint-Gilles d&#039;Ambialet\" srcset=\"https:\/\/ascla-ambialet.fr\/wp-content\/uploads\/2025\/10\/Exposition-peinture-Ambialet-Tarn.jpg 640w, https:\/\/ascla-ambialet.fr\/wp-content\/uploads\/2025\/10\/Exposition-peinture-Ambialet-Tarn-300x225.jpg 300w\" sizes=\"(max-width: 640px) 100vw, 640px\" \/>\t\t\t\t\t\t\t\t\t\t\t\t\t\t\t<\/div>\n\t\t\t\t<\/div>\n\t\t\t\t<\/div>\n\t\t<div class=\"elementor-element elementor-element-7e0c184 e-con-full e-flex e-con e-child\" data-id=\"7e0c184\" data-element_type=\"container\">\n\t\t\t\t<div class=\"elementor-element elementor-element-09ce49e elementor-widget__width-initial elementor-widget elementor-widget-text-editor\" data-id=\"09ce49e\" data-element_type=\"widget\" data-widget_type=\"text-editor.default\">\n\t\t\t\t<div class=\"elementor-widget-container\">\n\t\t\t\t\t\t\t\t\t<p><strong>Chaque \u00e9t\u00e9, de juin \u00e0 septembre, l\u2019\u00e9glise Saint-Gilles d\u2019Ambialet se transforme en une galerie d\u2019art vivante et lumineuse. Organis\u00e9es par l\u2019ASCLA \u2013 Association Sports, Culture et Loisirs d\u2019Ambialet (Tarn) &#8211; ces expositions artistiques accueillent des peintres, photographes et sculpteurs aux univers vari\u00e9s.<\/strong><\/p><p><strong>Le lieu, paisible et charg\u00e9 d\u2019histoire, offre un \u00e9crin unique aux artistes comme aux visiteurs. Entre les murs de pierre, la lumi\u00e8re naturelle sublime les \u0153uvres et cr\u00e9e une atmosph\u00e8re propice \u00e0 la contemplation.\u00a0<\/strong><\/p><p><strong>Ces rendez-vous culturels sont devenus au fil des ann\u00e9es un moment incontournable de la vie artistique d\u2019Ambialet, attirant curieux, habitants et visiteurs du Tarn.<\/strong><\/p>\t\t\t\t\t\t\t\t<\/div>\n\t\t\t\t<\/div>\n\t\t\t\t<\/div>\n\t\t\t\t\t<\/div>\n\t\t\t\t<\/div>\n\t\t<div class=\"elementor-element elementor-element-38e80f3 e-con-full e-flex e-con e-parent\" data-id=\"38e80f3\" data-element_type=\"container\">\n\t\t\t\t<div class=\"elementor-element elementor-element-85920f9 elementor-widget elementor-widget-heading\" data-id=\"85920f9\" data-element_type=\"widget\" data-widget_type=\"heading.default\">\n\t\t\t\t<div class=\"elementor-widget-container\">\n\t\t\t\t\t<h2 class=\"elementor-heading-title elementor-size-default\">Vous \u00eates un artiste ?<\/h2>\t\t\t\t<\/div>\n\t\t\t\t<\/div>\n\t\t\t\t<div class=\"elementor-element elementor-element-cc6b374 elementor-widget elementor-widget-text-editor\" data-id=\"cc6b374\" data-element_type=\"widget\" data-widget_type=\"text-editor.default\">\n\t\t\t\t<div class=\"elementor-widget-container\">\n\t\t\t\t\t\t\t\t\t<p><strong>L\u2019ASCLA pr\u00e9pare chaque ann\u00e9e sa programmation estivale. Si vous souhaitez exposer vos \u0153uvres dans ce lieu embl\u00e9matique, <\/strong><\/p><p><strong>contactez-nous \u00e0 :\u00a0<\/strong><strong><img decoding=\"async\" draggable=\"false\" role=\"img\" class=\"emoji\" alt=\"\ud83d\udce9\" src=\"https:\/\/s.w.org\/images\/core\/emoji\/17.0.2\/svg\/1f4e9.svg\" \/> <a href=\"mailto:ascla.ambialet.expos@gmail.com\">ascla.ambialet.expos@gmail.com<\/a><\/strong><\/p>\t\t\t\t\t\t\t\t<\/div>\n\t\t\t\t<\/div>\n\t\t\t\t<\/div>\n\t\t\t\t<\/div>\n\t\t","protected":false},"excerpt":{"rendered":"<p>Expositions \u00e0 Ambialet Chaque \u00e9t\u00e9, de juin \u00e0 septembre, l\u2019\u00e9glise Saint-Gilles d\u2019Ambialet se transforme en une galerie d\u2019art vivante et lumineuse. Organis\u00e9es par l\u2019ASCLA \u2013 Association Sports, Culture et Loisirs d\u2019Ambialet (Tarn) &#8211; ces expositions artistiques accueillent des peintres, photographes et sculpteurs aux univers vari\u00e9s. Le lieu, paisible et charg\u00e9 [&hellip;]<\/p>\n","protected":false},"author":1,"featured_media":0,"parent":0,"menu_order":0,"comment_status":"closed","ping_status":"closed","template":"page-templates\/template-pagebuilder-full-width.php","meta":{"footnotes":""},"class_list":["post-1282","page","type-page","status-publish","hentry"],"yoast_head":"<!-- This site is optimized with the Yoast SEO plugin v26.1.1 - https:\/\/yoast.com\/wordpress\/plugins\/seo\/ -->\n<title>Expositions 2026 - ASCLA<\/title>\n<meta name=\"robots\" content=\"index, follow, max-snippet:-1, max-image-preview:large, max-video-preview:-1\" \/>\n<link rel=\"canonical\" href=\"https:\/\/ascla-ambialet.fr\/index.php\/expositions-2026\/\" \/>\n<meta property=\"og:locale\" content=\"fr_FR\" \/>\n<meta property=\"og:type\" content=\"article\" \/>\n<meta property=\"og:title\" content=\"Expositions 2026 - ASCLA\" \/>\n<meta property=\"og:description\" content=\"Expositions \u00e0 Ambialet Chaque \u00e9t\u00e9, de juin \u00e0 septembre, l\u2019\u00e9glise Saint-Gilles d\u2019Ambialet se transforme en une galerie d\u2019art vivante et lumineuse. Organis\u00e9es par l\u2019ASCLA \u2013 Association Sports, Culture et Loisirs d\u2019Ambialet (Tarn) &#8211; ces expositions artistiques accueillent des peintres, photographes et sculpteurs aux univers vari\u00e9s. Le lieu, paisible et charg\u00e9 [&hellip;]\" \/>\n<meta property=\"og:url\" content=\"https:\/\/ascla-ambialet.fr\/index.php\/expositions-2026\/\" \/>\n<meta property=\"og:site_name\" content=\"ASCLA\" \/>\n<meta property=\"article:modified_time\" content=\"2026-03-30T19:38:49+00:00\" \/>\n<meta property=\"og:image\" content=\"https:\/\/ascla-ambialet.fr\/wp-content\/uploads\/2025\/10\/Exposition-peinture-Ambialet-Tarn.jpg\" \/>\n\t<meta property=\"og:image:width\" content=\"640\" \/>\n\t<meta property=\"og:image:height\" content=\"480\" \/>\n\t<meta property=\"og:image:type\" content=\"image\/jpeg\" \/>\n<meta name=\"twitter:card\" content=\"summary_large_image\" \/>\n<meta name=\"twitter:label1\" content=\"Dur\u00e9e de lecture estim\u00e9e\" \/>\n\t<meta name=\"twitter:data1\" content=\"2 minutes\" \/>\n<script type=\"application\/ld+json\" class=\"yoast-schema-graph\">{\"@context\":\"https:\/\/schema.org\",\"@graph\":[{\"@type\":\"WebPage\",\"@id\":\"https:\/\/ascla-ambialet.fr\/index.php\/expositions-2026\/\",\"url\":\"https:\/\/ascla-ambialet.fr\/index.php\/expositions-2026\/\",\"name\":\"Expositions 2026 - ASCLA\",\"isPartOf\":{\"@id\":\"https:\/\/ascla-ambialet.fr\/#website\"},\"primaryImageOfPage\":{\"@id\":\"https:\/\/ascla-ambialet.fr\/index.php\/expositions-2026\/#primaryimage\"},\"image\":{\"@id\":\"https:\/\/ascla-ambialet.fr\/index.php\/expositions-2026\/#primaryimage\"},\"thumbnailUrl\":\"https:\/\/ascla-ambialet.fr\/wp-content\/uploads\/2025\/10\/Exposition-peinture-Ambialet-Tarn.jpg\",\"datePublished\":\"2026-03-04T12:58:49+00:00\",\"dateModified\":\"2026-03-30T19:38:49+00:00\",\"breadcrumb\":{\"@id\":\"https:\/\/ascla-ambialet.fr\/index.php\/expositions-2026\/#breadcrumb\"},\"inLanguage\":\"fr-FR\",\"potentialAction\":[{\"@type\":\"ReadAction\",\"target\":[\"https:\/\/ascla-ambialet.fr\/index.php\/expositions-2026\/\"]}]},{\"@type\":\"ImageObject\",\"inLanguage\":\"fr-FR\",\"@id\":\"https:\/\/ascla-ambialet.fr\/index.php\/expositions-2026\/#primaryimage\",\"url\":\"https:\/\/ascla-ambialet.fr\/wp-content\/uploads\/2025\/10\/Exposition-peinture-Ambialet-Tarn.jpg\",\"contentUrl\":\"https:\/\/ascla-ambialet.fr\/wp-content\/uploads\/2025\/10\/Exposition-peinture-Ambialet-Tarn.jpg\",\"width\":640,\"height\":480,\"caption\":\"Eglise Saint-Gilles d'Ambialet\"},{\"@type\":\"BreadcrumbList\",\"@id\":\"https:\/\/ascla-ambialet.fr\/index.php\/expositions-2026\/#breadcrumb\",\"itemListElement\":[{\"@type\":\"ListItem\",\"position\":1,\"name\":\"Accueil\",\"item\":\"https:\/\/ascla-ambialet.fr\/\"},{\"@type\":\"ListItem\",\"position\":2,\"name\":\"Expositions 2026\"}]},{\"@type\":\"WebSite\",\"@id\":\"https:\/\/ascla-ambialet.fr\/#website\",\"url\":\"https:\/\/ascla-ambialet.fr\/\",\"name\":\"ASCLA\",\"description\":\"\",\"publisher\":{\"@id\":\"https:\/\/ascla-ambialet.fr\/#organization\"},\"potentialAction\":[{\"@type\":\"SearchAction\",\"target\":{\"@type\":\"EntryPoint\",\"urlTemplate\":\"https:\/\/ascla-ambialet.fr\/?s={search_term_string}\"},\"query-input\":{\"@type\":\"PropertyValueSpecification\",\"valueRequired\":true,\"valueName\":\"search_term_string\"}}],\"inLanguage\":\"fr-FR\"},{\"@type\":\"Organization\",\"@id\":\"https:\/\/ascla-ambialet.fr\/#organization\",\"name\":\"ASCLA\",\"url\":\"https:\/\/ascla-ambialet.fr\/\",\"logo\":{\"@type\":\"ImageObject\",\"inLanguage\":\"fr-FR\",\"@id\":\"https:\/\/ascla-ambialet.fr\/#\/schema\/logo\/image\/\",\"url\":\"https:\/\/ascla-ambialet.fr\/wp-content\/uploads\/2025\/05\/Design-sans-titre11.png\",\"contentUrl\":\"https:\/\/ascla-ambialet.fr\/wp-content\/uploads\/2025\/05\/Design-sans-titre11.png\",\"width\":800,\"height\":800,\"caption\":\"ASCLA\"},\"image\":{\"@id\":\"https:\/\/ascla-ambialet.fr\/#\/schema\/logo\/image\/\"}}]}<\/script>\n<!-- \/ Yoast SEO plugin. -->","yoast_head_json":{"title":"Expositions 2026 - ASCLA","robots":{"index":"index","follow":"follow","max-snippet":"max-snippet:-1","max-image-preview":"max-image-preview:large","max-video-preview":"max-video-preview:-1"},"canonical":"https:\/\/ascla-ambialet.fr\/index.php\/expositions-2026\/","og_locale":"fr_FR","og_type":"article","og_title":"Expositions 2026 - ASCLA","og_description":"Expositions \u00e0 Ambialet Chaque \u00e9t\u00e9, de juin \u00e0 septembre, l\u2019\u00e9glise Saint-Gilles d\u2019Ambialet se transforme en une galerie d\u2019art vivante et lumineuse. Organis\u00e9es par l\u2019ASCLA \u2013 Association Sports, Culture et Loisirs d\u2019Ambialet (Tarn) &#8211; ces expositions artistiques accueillent des peintres, photographes et sculpteurs aux univers vari\u00e9s. Le lieu, paisible et charg\u00e9 [&hellip;]","og_url":"https:\/\/ascla-ambialet.fr\/index.php\/expositions-2026\/","og_site_name":"ASCLA","article_modified_time":"2026-03-30T19:38:49+00:00","og_image":[{"width":640,"height":480,"url":"https:\/\/ascla-ambialet.fr\/wp-content\/uploads\/2025\/10\/Exposition-peinture-Ambialet-Tarn.jpg","type":"image\/jpeg"}],"twitter_card":"summary_large_image","twitter_misc":{"Dur\u00e9e de lecture estim\u00e9e":"2 minutes"},"schema":{"@context":"https:\/\/schema.org","@graph":[{"@type":"WebPage","@id":"https:\/\/ascla-ambialet.fr\/index.php\/expositions-2026\/","url":"https:\/\/ascla-ambialet.fr\/index.php\/expositions-2026\/","name":"Expositions 2026 - ASCLA","isPartOf":{"@id":"https:\/\/ascla-ambialet.fr\/#website"},"primaryImageOfPage":{"@id":"https:\/\/ascla-ambialet.fr\/index.php\/expositions-2026\/#primaryimage"},"image":{"@id":"https:\/\/ascla-ambialet.fr\/index.php\/expositions-2026\/#primaryimage"},"thumbnailUrl":"https:\/\/ascla-ambialet.fr\/wp-content\/uploads\/2025\/10\/Exposition-peinture-Ambialet-Tarn.jpg","datePublished":"2026-03-04T12:58:49+00:00","dateModified":"2026-03-30T19:38:49+00:00","breadcrumb":{"@id":"https:\/\/ascla-ambialet.fr\/index.php\/expositions-2026\/#breadcrumb"},"inLanguage":"fr-FR","potentialAction":[{"@type":"ReadAction","target":["https:\/\/ascla-ambialet.fr\/index.php\/expositions-2026\/"]}]},{"@type":"ImageObject","inLanguage":"fr-FR","@id":"https:\/\/ascla-ambialet.fr\/index.php\/expositions-2026\/#primaryimage","url":"https:\/\/ascla-ambialet.fr\/wp-content\/uploads\/2025\/10\/Exposition-peinture-Ambialet-Tarn.jpg","contentUrl":"https:\/\/ascla-ambialet.fr\/wp-content\/uploads\/2025\/10\/Exposition-peinture-Ambialet-Tarn.jpg","width":640,"height":480,"caption":"Eglise Saint-Gilles d'Ambialet"},{"@type":"BreadcrumbList","@id":"https:\/\/ascla-ambialet.fr\/index.php\/expositions-2026\/#breadcrumb","itemListElement":[{"@type":"ListItem","position":1,"name":"Accueil","item":"https:\/\/ascla-ambialet.fr\/"},{"@type":"ListItem","position":2,"name":"Expositions 2026"}]},{"@type":"WebSite","@id":"https:\/\/ascla-ambialet.fr\/#website","url":"https:\/\/ascla-ambialet.fr\/","name":"ASCLA","description":"","publisher":{"@id":"https:\/\/ascla-ambialet.fr\/#organization"},"potentialAction":[{"@type":"SearchAction","target":{"@type":"EntryPoint","urlTemplate":"https:\/\/ascla-ambialet.fr\/?s={search_term_string}"},"query-input":{"@type":"PropertyValueSpecification","valueRequired":true,"valueName":"search_term_string"}}],"inLanguage":"fr-FR"},{"@type":"Organization","@id":"https:\/\/ascla-ambialet.fr\/#organization","name":"ASCLA","url":"https:\/\/ascla-ambialet.fr\/","logo":{"@type":"ImageObject","inLanguage":"fr-FR","@id":"https:\/\/ascla-ambialet.fr\/#\/schema\/logo\/image\/","url":"https:\/\/ascla-ambialet.fr\/wp-content\/uploads\/2025\/05\/Design-sans-titre11.png","contentUrl":"https:\/\/ascla-ambialet.fr\/wp-content\/uploads\/2025\/05\/Design-sans-titre11.png","width":800,"height":800,"caption":"ASCLA"},"image":{"@id":"https:\/\/ascla-ambialet.fr\/#\/schema\/logo\/image\/"}}]}},"_links":{"self":[{"href":"https:\/\/ascla-ambialet.fr\/index.php\/wp-json\/wp\/v2\/pages\/1282","targetHints":{"allow":["GET"]}}],"collection":[{"href":"https:\/\/ascla-ambialet.fr\/index.php\/wp-json\/wp\/v2\/pages"}],"about":[{"href":"https:\/\/ascla-ambialet.fr\/index.php\/wp-json\/wp\/v2\/types\/page"}],"author":[{"embeddable":true,"href":"https:\/\/ascla-ambialet.fr\/index.php\/wp-json\/wp\/v2\/users\/1"}],"replies":[{"embeddable":true,"href":"https:\/\/ascla-ambialet.fr\/index.php\/wp-json\/wp\/v2\/comments?post=1282"}],"version-history":[{"count":11,"href":"https:\/\/ascla-ambialet.fr\/index.php\/wp-json\/wp\/v2\/pages\/1282\/revisions"}],"predecessor-version":[{"id":1338,"href":"https:\/\/ascla-ambialet.fr\/index.php\/wp-json\/wp\/v2\/pages\/1282\/revisions\/1338"}],"wp:attachment":[{"href":"https:\/\/ascla-ambialet.fr\/index.php\/wp-json\/wp\/v2\/media?parent=1282"}],"curies":[{"name":"wp","href":"https:\/\/api.w.org\/{rel}","templated":true}]}}