{"id":1463,"date":"2026-05-11T09:45:22","date_gmt":"2026-05-11T07:45:22","guid":{"rendered":"https:\/\/ascla-ambialet.fr\/?page_id=1463"},"modified":"2026-05-11T11:02:06","modified_gmt":"2026-05-11T09:02:06","slug":"conferences","status":"publish","type":"page","link":"https:\/\/ascla-ambialet.fr\/index.php\/conferences\/","title":{"rendered":"Conf\u00e9rences"},"content":{"rendered":"\t\t<div data-elementor-type=\"wp-page\" data-elementor-id=\"1463\" class=\"elementor elementor-1463\">\n\t\t\t\t<div class=\"elementor-element elementor-element-d325801 e-flex e-con-boxed e-con e-parent\" data-id=\"d325801\" data-element_type=\"container\">\n\t\t\t\t\t<div class=\"e-con-inner\">\n\t\t\t\t<div class=\"elementor-element elementor-element-253c97a elementor-widget elementor-widget-heading\" data-id=\"253c97a\" data-element_type=\"widget\" data-widget_type=\"heading.default\">\n\t\t\t\t<div class=\"elementor-widget-container\">\n\t\t\t\t\t<h2 class=\"elementor-heading-title elementor-size-default\">Conf\u00e9rences \u00e0 Ambialet<\/h2>\t\t\t\t<\/div>\n\t\t\t\t<\/div>\n\t\t\t\t\t<\/div>\n\t\t\t\t<\/div>\n\t\t<div class=\"elementor-element elementor-element-fd6e6f8 e-flex e-con-boxed e-con e-parent\" data-id=\"fd6e6f8\" data-element_type=\"container\">\n\t\t\t\t\t<div class=\"e-con-inner\">\n\t\t\t\t<div class=\"elementor-element elementor-element-1252409 elementor-widget elementor-widget-spacer\" data-id=\"1252409\" data-element_type=\"widget\" data-widget_type=\"spacer.default\">\n\t\t\t\t<div class=\"elementor-widget-container\">\n\t\t\t\t\t\t\t<div class=\"elementor-spacer\">\n\t\t\t<div class=\"elementor-spacer-inner\"><\/div>\n\t\t<\/div>\n\t\t\t\t\t\t<\/div>\n\t\t\t\t<\/div>\n\t\t\t\t\t<\/div>\n\t\t\t\t<\/div>\n\t\t<div class=\"elementor-element elementor-element-6ad5acd e-flex e-con-boxed e-con e-parent\" data-id=\"6ad5acd\" data-element_type=\"container\">\n\t\t\t\t\t<div class=\"e-con-inner\">\n\t\t\t\t<div class=\"elementor-element elementor-element-7fcd052 elementor-widget elementor-widget-text-editor\" data-id=\"7fcd052\" data-element_type=\"widget\" data-widget_type=\"text-editor.default\">\n\t\t\t\t<div class=\"elementor-widget-container\">\n\t\t\t\t\t\t\t\t\t<p data-start=\"16\" data-end=\"355\" style=\"text-align: center;\"><strong>l\u2019ASCLA propose des conf\u00e9rences ouvertes \u00e0 tous, afin de faire vivre la culture, le patrimoine et la transmission des savoirs au c\u0153ur d\u2019Ambialet.<\/strong><br data-start=\"196\" data-end=\"199\" \/><strong>Ces rencontres sont l\u2019occasion de d\u00e9couvrir des th\u00e8mes vari\u00e9s li\u00e9s \u00e0 l\u2019histoire, \u00e0 l\u2019art, au territoire ou encore aux grandes figures locales et r\u00e9gionales.<\/strong><\/p><p data-start=\"357\" data-end=\"660\" style=\"text-align: center;\"><strong>\u00c0 travers l\u2019intervention de sp\u00e9cialistes, chercheurs, passionn\u00e9s ou historiens, ces conf\u00e9rences permettent de partager des connaissances dans une ambiance conviviale et accessible \u00e0 tous. Elles participent pleinement \u00e0 la valorisation du patrimoine culturel et historique du Tarn et de notre territoire.<\/strong><\/p><p data-start=\"357\" data-end=\"660\"><\/p>\t\t\t\t\t\t\t\t<\/div>\n\t\t\t\t<\/div>\n\t\t\t\t\t<\/div>\n\t\t\t\t<\/div>\n\t\t<div class=\"elementor-element elementor-element-f664ec3 e-flex e-con-boxed e-con e-parent\" data-id=\"f664ec3\" data-element_type=\"container\">\n\t\t\t\t\t<div class=\"e-con-inner\">\n\t\t\t\t<div class=\"elementor-element elementor-element-cbdb264 elementor-widget elementor-widget-spacer\" data-id=\"cbdb264\" data-element_type=\"widget\" data-widget_type=\"spacer.default\">\n\t\t\t\t<div class=\"elementor-widget-container\">\n\t\t\t\t\t\t\t<div class=\"elementor-spacer\">\n\t\t\t<div class=\"elementor-spacer-inner\"><\/div>\n\t\t<\/div>\n\t\t\t\t\t\t<\/div>\n\t\t\t\t<\/div>\n\t\t\t\t\t<\/div>\n\t\t\t\t<\/div>\n\t\t<div class=\"elementor-element elementor-element-a907615 e-flex e-con-boxed e-con e-parent\" data-id=\"a907615\" data-element_type=\"container\">\n\t\t\t\t\t<div class=\"e-con-inner\">\n\t\t\t\t<div class=\"elementor-element elementor-element-36911a9 elementor-widget elementor-widget-heading\" data-id=\"36911a9\" data-element_type=\"widget\" data-widget_type=\"heading.default\">\n\t\t\t\t<div class=\"elementor-widget-container\">\n\t\t\t\t\t<h2 class=\"elementor-heading-title elementor-size-default\">Samedi 13 juin 2026 \u2013 9h30 \u00e0 la\n Salle polyvalente d\u2019Ambialet<\/h2>\t\t\t\t<\/div>\n\t\t\t\t<\/div>\n\t\t\t\t\t<\/div>\n\t\t\t\t<\/div>\n\t\t<div class=\"elementor-element elementor-element-dcdd8c3 e-flex e-con-boxed e-con e-parent\" data-id=\"dcdd8c3\" data-element_type=\"container\">\n\t\t\t\t\t<div class=\"e-con-inner\">\n\t\t<div class=\"elementor-element elementor-element-dee17d3 e-con-full e-flex e-con e-child\" data-id=\"dee17d3\" data-element_type=\"container\">\n\t\t\t\t<div class=\"elementor-element elementor-element-3438b4e elementor-widget elementor-widget-image\" data-id=\"3438b4e\" data-element_type=\"widget\" data-widget_type=\"image.default\">\n\t\t\t\t<div class=\"elementor-widget-container\">\n\t\t\t\t\t\t\t\t\t\t\t\t\t\t\t<img fetchpriority=\"high\" decoding=\"async\" width=\"750\" height=\"584\" src=\"https:\/\/ascla-ambialet.fr\/wp-content\/uploads\/2026\/05\/conference-13-juin-2026-Ambialet.png\" class=\"attachment-large size-large wp-image-1465\" alt=\"\" srcset=\"https:\/\/ascla-ambialet.fr\/wp-content\/uploads\/2026\/05\/conference-13-juin-2026-Ambialet.png 791w, https:\/\/ascla-ambialet.fr\/wp-content\/uploads\/2026\/05\/conference-13-juin-2026-Ambialet-300x234.png 300w, https:\/\/ascla-ambialet.fr\/wp-content\/uploads\/2026\/05\/conference-13-juin-2026-Ambialet-768x598.png 768w\" sizes=\"(max-width: 750px) 100vw, 750px\" \/>\t\t\t\t\t\t\t\t\t\t\t\t\t\t\t<\/div>\n\t\t\t\t<\/div>\n\t\t\t\t<\/div>\n\t\t<div class=\"elementor-element elementor-element-a6e76c7 e-con-full e-flex e-con e-child\" data-id=\"a6e76c7\" data-element_type=\"container\">\n\t\t\t\t<div class=\"elementor-element elementor-element-5a66401 elementor-widget elementor-widget-text-editor\" data-id=\"5a66401\" data-element_type=\"widget\" data-widget_type=\"text-editor.default\">\n\t\t\t\t<div class=\"elementor-widget-container\">\n\t\t\t\t\t\t\t\t\t<p data-start=\"717\" data-end=\"905\"><strong>En partenariat avec la SSABLT (Soci\u00e9t\u00e9 des Sciences, Arts et Belles-Lettres du Tarn), l\u2019ASCLA proposera une conf\u00e9rence exceptionnelle consacr\u00e9e au Moyen \u00c2ge occitan.<\/strong><\/p><p data-start=\"907\" data-end=\"1200\"><strong>La m\u00e9di\u00e9viste <span class=\"hover:entity-accent entity-underline inline cursor-pointer align-baseline\"><span class=\"whitespace-normal\">H\u00e9l\u00e8ne Debax<\/span><\/span> pr\u00e9sentera une conf\u00e9rence autour du <em data-start=\"995\" data-end=\"1021\">cartulaire des Trencavel<\/em>, pr\u00e9cieux recueil de documents historiques permettant de mieux comprendre l\u2019histoire de cette grande famille vicomtale qui joua un r\u00f4le majeur dans le sud de la France m\u00e9di\u00e9vale.<\/strong><\/p><p data-start=\"1202\" data-end=\"1413\"><strong>\u00c0 travers cette intervention, le public pourra d\u00e9couvrir la richesse des archives m\u00e9di\u00e9vales, l\u2019organisation des pouvoirs seigneuriaux et l\u2019histoire des Trencavel, figures embl\u00e9matiques de l\u2019Occitanie m\u00e9di\u00e9vale.<\/strong><\/p><p data-start=\"1415\" data-end=\"1566\" data-is-last-node=\"\" data-is-only-node=\"\"><strong>Cette conf\u00e9rence s\u2019adresse aussi bien aux passionn\u00e9s d\u2019histoire qu\u2019aux curieux d\u00e9sireux d\u2019en apprendre davantage sur le patrimoine historique r\u00e9gional.<\/strong><\/p>\t\t\t\t\t\t\t\t<\/div>\n\t\t\t\t<\/div>\n\t\t\t\t<\/div>\n\t\t\t\t\t<\/div>\n\t\t\t\t<\/div>\n\t\t\t\t<\/div>\n\t\t","protected":false},"excerpt":{"rendered":"<p>Conf\u00e9rences \u00e0 Ambialet l\u2019ASCLA propose des conf\u00e9rences ouvertes \u00e0 tous, afin de faire vivre la culture, le patrimoine et la transmission des savoirs au c\u0153ur d\u2019Ambialet.Ces rencontres sont l\u2019occasion de d\u00e9couvrir des th\u00e8mes vari\u00e9s li\u00e9s \u00e0 l\u2019histoire, \u00e0 l\u2019art, au territoire ou encore aux grandes figures locales et r\u00e9gionales. \u00c0 [&hellip;]<\/p>\n","protected":false},"author":1,"featured_media":0,"parent":0,"menu_order":0,"comment_status":"closed","ping_status":"closed","template":"page-templates\/template-pagebuilder-full-width.php","meta":{"footnotes":""},"class_list":["post-1463","page","type-page","status-publish","hentry"],"yoast_head":"<!-- This site is optimized with the Yoast SEO plugin v26.1.1 - https:\/\/yoast.com\/wordpress\/plugins\/seo\/ -->\n<title>Conf\u00e9rences - ASCLA<\/title>\n<meta name=\"robots\" content=\"index, follow, max-snippet:-1, max-image-preview:large, max-video-preview:-1\" \/>\n<link rel=\"canonical\" href=\"https:\/\/ascla-ambialet.fr\/index.php\/conferences\/\" \/>\n<meta property=\"og:locale\" content=\"fr_FR\" \/>\n<meta property=\"og:type\" content=\"article\" \/>\n<meta property=\"og:title\" content=\"Conf\u00e9rences - ASCLA\" \/>\n<meta property=\"og:description\" content=\"Conf\u00e9rences \u00e0 Ambialet l\u2019ASCLA propose des conf\u00e9rences ouvertes \u00e0 tous, afin de faire vivre la culture, le patrimoine et la transmission des savoirs au c\u0153ur d\u2019Ambialet.Ces rencontres sont l\u2019occasion de d\u00e9couvrir des th\u00e8mes vari\u00e9s li\u00e9s \u00e0 l\u2019histoire, \u00e0 l\u2019art, au territoire ou encore aux grandes figures locales et r\u00e9gionales. \u00c0 [&hellip;]\" \/>\n<meta property=\"og:url\" content=\"https:\/\/ascla-ambialet.fr\/index.php\/conferences\/\" \/>\n<meta property=\"og:site_name\" content=\"ASCLA\" \/>\n<meta property=\"article:modified_time\" content=\"2026-05-11T09:02:06+00:00\" \/>\n<meta property=\"og:image\" content=\"https:\/\/ascla-ambialet.fr\/wp-content\/uploads\/2026\/05\/conference-13-juin-2026-Ambialet.png\" \/>\n\t<meta property=\"og:image:width\" content=\"791\" \/>\n\t<meta property=\"og:image:height\" content=\"616\" \/>\n\t<meta property=\"og:image:type\" content=\"image\/png\" \/>\n<meta name=\"twitter:card\" content=\"summary_large_image\" \/>\n<meta name=\"twitter:label1\" content=\"Dur\u00e9e de lecture estim\u00e9e\" \/>\n\t<meta name=\"twitter:data1\" content=\"2 minutes\" \/>\n<script type=\"application\/ld+json\" class=\"yoast-schema-graph\">{\"@context\":\"https:\/\/schema.org\",\"@graph\":[{\"@type\":\"WebPage\",\"@id\":\"https:\/\/ascla-ambialet.fr\/index.php\/conferences\/\",\"url\":\"https:\/\/ascla-ambialet.fr\/index.php\/conferences\/\",\"name\":\"Conf\u00e9rences - ASCLA\",\"isPartOf\":{\"@id\":\"https:\/\/ascla-ambialet.fr\/#website\"},\"primaryImageOfPage\":{\"@id\":\"https:\/\/ascla-ambialet.fr\/index.php\/conferences\/#primaryimage\"},\"image\":{\"@id\":\"https:\/\/ascla-ambialet.fr\/index.php\/conferences\/#primaryimage\"},\"thumbnailUrl\":\"https:\/\/ascla-ambialet.fr\/wp-content\/uploads\/2026\/05\/conference-13-juin-2026-Ambialet.png\",\"datePublished\":\"2026-05-11T07:45:22+00:00\",\"dateModified\":\"2026-05-11T09:02:06+00:00\",\"breadcrumb\":{\"@id\":\"https:\/\/ascla-ambialet.fr\/index.php\/conferences\/#breadcrumb\"},\"inLanguage\":\"fr-FR\",\"potentialAction\":[{\"@type\":\"ReadAction\",\"target\":[\"https:\/\/ascla-ambialet.fr\/index.php\/conferences\/\"]}]},{\"@type\":\"ImageObject\",\"inLanguage\":\"fr-FR\",\"@id\":\"https:\/\/ascla-ambialet.fr\/index.php\/conferences\/#primaryimage\",\"url\":\"https:\/\/ascla-ambialet.fr\/wp-content\/uploads\/2026\/05\/conference-13-juin-2026-Ambialet.png\",\"contentUrl\":\"https:\/\/ascla-ambialet.fr\/wp-content\/uploads\/2026\/05\/conference-13-juin-2026-Ambialet.png\",\"width\":791,\"height\":616},{\"@type\":\"BreadcrumbList\",\"@id\":\"https:\/\/ascla-ambialet.fr\/index.php\/conferences\/#breadcrumb\",\"itemListElement\":[{\"@type\":\"ListItem\",\"position\":1,\"name\":\"Accueil\",\"item\":\"https:\/\/ascla-ambialet.fr\/\"},{\"@type\":\"ListItem\",\"position\":2,\"name\":\"Conf\u00e9rences\"}]},{\"@type\":\"WebSite\",\"@id\":\"https:\/\/ascla-ambialet.fr\/#website\",\"url\":\"https:\/\/ascla-ambialet.fr\/\",\"name\":\"ASCLA\",\"description\":\"\",\"publisher\":{\"@id\":\"https:\/\/ascla-ambialet.fr\/#organization\"},\"potentialAction\":[{\"@type\":\"SearchAction\",\"target\":{\"@type\":\"EntryPoint\",\"urlTemplate\":\"https:\/\/ascla-ambialet.fr\/?s={search_term_string}\"},\"query-input\":{\"@type\":\"PropertyValueSpecification\",\"valueRequired\":true,\"valueName\":\"search_term_string\"}}],\"inLanguage\":\"fr-FR\"},{\"@type\":\"Organization\",\"@id\":\"https:\/\/ascla-ambialet.fr\/#organization\",\"name\":\"ASCLA\",\"url\":\"https:\/\/ascla-ambialet.fr\/\",\"logo\":{\"@type\":\"ImageObject\",\"inLanguage\":\"fr-FR\",\"@id\":\"https:\/\/ascla-ambialet.fr\/#\/schema\/logo\/image\/\",\"url\":\"https:\/\/ascla-ambialet.fr\/wp-content\/uploads\/2025\/05\/Design-sans-titre11.png\",\"contentUrl\":\"https:\/\/ascla-ambialet.fr\/wp-content\/uploads\/2025\/05\/Design-sans-titre11.png\",\"width\":800,\"height\":800,\"caption\":\"ASCLA\"},\"image\":{\"@id\":\"https:\/\/ascla-ambialet.fr\/#\/schema\/logo\/image\/\"}}]}<\/script>\n<!-- \/ Yoast SEO plugin. -->","yoast_head_json":{"title":"Conf\u00e9rences - ASCLA","robots":{"index":"index","follow":"follow","max-snippet":"max-snippet:-1","max-image-preview":"max-image-preview:large","max-video-preview":"max-video-preview:-1"},"canonical":"https:\/\/ascla-ambialet.fr\/index.php\/conferences\/","og_locale":"fr_FR","og_type":"article","og_title":"Conf\u00e9rences - ASCLA","og_description":"Conf\u00e9rences \u00e0 Ambialet l\u2019ASCLA propose des conf\u00e9rences ouvertes \u00e0 tous, afin de faire vivre la culture, le patrimoine et la transmission des savoirs au c\u0153ur d\u2019Ambialet.Ces rencontres sont l\u2019occasion de d\u00e9couvrir des th\u00e8mes vari\u00e9s li\u00e9s \u00e0 l\u2019histoire, \u00e0 l\u2019art, au territoire ou encore aux grandes figures locales et r\u00e9gionales. \u00c0 [&hellip;]","og_url":"https:\/\/ascla-ambialet.fr\/index.php\/conferences\/","og_site_name":"ASCLA","article_modified_time":"2026-05-11T09:02:06+00:00","og_image":[{"width":791,"height":616,"url":"https:\/\/ascla-ambialet.fr\/wp-content\/uploads\/2026\/05\/conference-13-juin-2026-Ambialet.png","type":"image\/png"}],"twitter_card":"summary_large_image","twitter_misc":{"Dur\u00e9e de lecture estim\u00e9e":"2 minutes"},"schema":{"@context":"https:\/\/schema.org","@graph":[{"@type":"WebPage","@id":"https:\/\/ascla-ambialet.fr\/index.php\/conferences\/","url":"https:\/\/ascla-ambialet.fr\/index.php\/conferences\/","name":"Conf\u00e9rences - ASCLA","isPartOf":{"@id":"https:\/\/ascla-ambialet.fr\/#website"},"primaryImageOfPage":{"@id":"https:\/\/ascla-ambialet.fr\/index.php\/conferences\/#primaryimage"},"image":{"@id":"https:\/\/ascla-ambialet.fr\/index.php\/conferences\/#primaryimage"},"thumbnailUrl":"https:\/\/ascla-ambialet.fr\/wp-content\/uploads\/2026\/05\/conference-13-juin-2026-Ambialet.png","datePublished":"2026-05-11T07:45:22+00:00","dateModified":"2026-05-11T09:02:06+00:00","breadcrumb":{"@id":"https:\/\/ascla-ambialet.fr\/index.php\/conferences\/#breadcrumb"},"inLanguage":"fr-FR","potentialAction":[{"@type":"ReadAction","target":["https:\/\/ascla-ambialet.fr\/index.php\/conferences\/"]}]},{"@type":"ImageObject","inLanguage":"fr-FR","@id":"https:\/\/ascla-ambialet.fr\/index.php\/conferences\/#primaryimage","url":"https:\/\/ascla-ambialet.fr\/wp-content\/uploads\/2026\/05\/conference-13-juin-2026-Ambialet.png","contentUrl":"https:\/\/ascla-ambialet.fr\/wp-content\/uploads\/2026\/05\/conference-13-juin-2026-Ambialet.png","width":791,"height":616},{"@type":"BreadcrumbList","@id":"https:\/\/ascla-ambialet.fr\/index.php\/conferences\/#breadcrumb","itemListElement":[{"@type":"ListItem","position":1,"name":"Accueil","item":"https:\/\/ascla-ambialet.fr\/"},{"@type":"ListItem","position":2,"name":"Conf\u00e9rences"}]},{"@type":"WebSite","@id":"https:\/\/ascla-ambialet.fr\/#website","url":"https:\/\/ascla-ambialet.fr\/","name":"ASCLA","description":"","publisher":{"@id":"https:\/\/ascla-ambialet.fr\/#organization"},"potentialAction":[{"@type":"SearchAction","target":{"@type":"EntryPoint","urlTemplate":"https:\/\/ascla-ambialet.fr\/?s={search_term_string}"},"query-input":{"@type":"PropertyValueSpecification","valueRequired":true,"valueName":"search_term_string"}}],"inLanguage":"fr-FR"},{"@type":"Organization","@id":"https:\/\/ascla-ambialet.fr\/#organization","name":"ASCLA","url":"https:\/\/ascla-ambialet.fr\/","logo":{"@type":"ImageObject","inLanguage":"fr-FR","@id":"https:\/\/ascla-ambialet.fr\/#\/schema\/logo\/image\/","url":"https:\/\/ascla-ambialet.fr\/wp-content\/uploads\/2025\/05\/Design-sans-titre11.png","contentUrl":"https:\/\/ascla-ambialet.fr\/wp-content\/uploads\/2025\/05\/Design-sans-titre11.png","width":800,"height":800,"caption":"ASCLA"},"image":{"@id":"https:\/\/ascla-ambialet.fr\/#\/schema\/logo\/image\/"}}]}},"_links":{"self":[{"href":"https:\/\/ascla-ambialet.fr\/index.php\/wp-json\/wp\/v2\/pages\/1463","targetHints":{"allow":["GET"]}}],"collection":[{"href":"https:\/\/ascla-ambialet.fr\/index.php\/wp-json\/wp\/v2\/pages"}],"about":[{"href":"https:\/\/ascla-ambialet.fr\/index.php\/wp-json\/wp\/v2\/types\/page"}],"author":[{"embeddable":true,"href":"https:\/\/ascla-ambialet.fr\/index.php\/wp-json\/wp\/v2\/users\/1"}],"replies":[{"embeddable":true,"href":"https:\/\/ascla-ambialet.fr\/index.php\/wp-json\/wp\/v2\/comments?post=1463"}],"version-history":[{"count":10,"href":"https:\/\/ascla-ambialet.fr\/index.php\/wp-json\/wp\/v2\/pages\/1463\/revisions"}],"predecessor-version":[{"id":1493,"href":"https:\/\/ascla-ambialet.fr\/index.php\/wp-json\/wp\/v2\/pages\/1463\/revisions\/1493"}],"wp:attachment":[{"href":"https:\/\/ascla-ambialet.fr\/index.php\/wp-json\/wp\/v2\/media?parent=1463"}],"curies":[{"name":"wp","href":"https:\/\/api.w.org\/{rel}","templated":true}]}}