{"id":296,"date":"2025-06-02T16:08:15","date_gmt":"2025-06-02T14:08:15","guid":{"rendered":"http:\/\/ascla-ambialet.fr\/?page_id=296"},"modified":"2026-04-21T15:30:15","modified_gmt":"2026-04-21T13:30:15","slug":"debroussaillage-des-chemins","status":"publish","type":"page","link":"https:\/\/ascla-ambialet.fr\/index.php\/debroussaillage-des-chemins\/","title":{"rendered":"D\u00e9broussaillage des chemins"},"content":{"rendered":"\t\t<div data-elementor-type=\"wp-page\" data-elementor-id=\"296\" class=\"elementor elementor-296\">\n\t\t\t\t<div class=\"elementor-element elementor-element-f52c1d1 e-flex e-con-boxed e-con e-parent\" data-id=\"f52c1d1\" data-element_type=\"container\">\n\t\t\t\t\t<div class=\"e-con-inner\">\n\t\t\t\t<div class=\"elementor-element elementor-element-7959158 elementor-widget elementor-widget-spacer\" data-id=\"7959158\" data-element_type=\"widget\" data-widget_type=\"spacer.default\">\n\t\t\t\t<div class=\"elementor-widget-container\">\n\t\t\t\t\t\t\t<div class=\"elementor-spacer\">\n\t\t\t<div class=\"elementor-spacer-inner\"><\/div>\n\t\t<\/div>\n\t\t\t\t\t\t<\/div>\n\t\t\t\t<\/div>\n\t\t\t\t<div class=\"elementor-element elementor-element-cc5f0e0 elementor-widget elementor-widget-heading\" data-id=\"cc5f0e0\" data-element_type=\"widget\" data-widget_type=\"heading.default\">\n\t\t\t\t<div class=\"elementor-widget-container\">\n\t\t\t\t\t<h1 class=\"elementor-heading-title elementor-size-default\">D\u00e9broussaillage des chemins<\/h1>\t\t\t\t<\/div>\n\t\t\t\t<\/div>\n\t\t\t\t<div class=\"elementor-element elementor-element-d35b995 elementor-widget elementor-widget-spacer\" data-id=\"d35b995\" data-element_type=\"widget\" data-widget_type=\"spacer.default\">\n\t\t\t\t<div class=\"elementor-widget-container\">\n\t\t\t\t\t\t\t<div class=\"elementor-spacer\">\n\t\t\t<div class=\"elementor-spacer-inner\"><\/div>\n\t\t<\/div>\n\t\t\t\t\t\t<\/div>\n\t\t\t\t<\/div>\n\t\t\t\t\t<\/div>\n\t\t\t\t<\/div>\n\t\t<div class=\"elementor-element elementor-element-6117554 e-flex e-con-boxed e-con e-parent\" data-id=\"6117554\" data-element_type=\"container\">\n\t\t\t\t\t<div class=\"e-con-inner\">\n\t\t<div class=\"elementor-element elementor-element-6ff85c7 e-con-full e-flex e-con e-child\" data-id=\"6ff85c7\" data-element_type=\"container\">\n\t\t\t\t<div class=\"elementor-element elementor-element-e26216a elementor-widget__width-initial elementor-widget elementor-widget-image\" data-id=\"e26216a\" data-element_type=\"widget\" data-widget_type=\"image.default\">\n\t\t\t\t<div class=\"elementor-widget-container\">\n\t\t\t\t\t\t\t\t\t\t\t\t\t\t\t\t<a href=\"https:\/\/ascla-ambialet.fr\/wp-content\/uploads\/2025\/06\/debroussaillement-debroussaillage-forestier_FR_500_0027388.jpg\" data-elementor-open-lightbox=\"yes\" data-e-action-hash=\"#elementor-action%3Aaction%3Dlightbox%26settings%3DeyJpZCI6NDAyLCJ1cmwiOiJodHRwczpcL1wvYXNjbGEtYW1iaWFsZXQuZnJcL3dwLWNvbnRlbnRcL3VwbG9hZHNcLzIwMjVcLzA2XC9kZWJyb3Vzc2FpbGxlbWVudC1kZWJyb3Vzc2FpbGxhZ2UtZm9yZXN0aWVyX0ZSXzUwMF8wMDI3Mzg4LmpwZyJ9\">\n\t\t\t\t\t\t\t<img decoding=\"async\" width=\"150\" height=\"150\" src=\"https:\/\/ascla-ambialet.fr\/wp-content\/uploads\/2025\/06\/debroussaillement-debroussaillage-forestier_FR_500_0027388-150x150.jpg\" class=\"attachment-thumbnail size-thumbnail wp-image-402\" alt=\"D\u00e9broussaillage par ASCLA - Ambialet- 2025\" srcset=\"https:\/\/ascla-ambialet.fr\/wp-content\/uploads\/2025\/06\/debroussaillement-debroussaillage-forestier_FR_500_0027388-150x150.jpg 150w, https:\/\/ascla-ambialet.fr\/wp-content\/uploads\/2025\/06\/debroussaillement-debroussaillage-forestier_FR_500_0027388-300x300.jpg 300w, https:\/\/ascla-ambialet.fr\/wp-content\/uploads\/2025\/06\/debroussaillement-debroussaillage-forestier_FR_500_0027388.jpg 500w\" sizes=\"(max-width: 150px) 100vw, 150px\" \/>\t\t\t\t\t\t\t\t<\/a>\n\t\t\t\t\t\t\t\t\t\t\t\t\t\t\t<\/div>\n\t\t\t\t<\/div>\n\t\t\t\t<\/div>\n\t\t<div class=\"elementor-element elementor-element-af7df9d e-con-full e-flex e-con e-child\" data-id=\"af7df9d\" data-element_type=\"container\">\n\t\t\t\t<div class=\"elementor-element elementor-element-cdab364 elementor-widget elementor-widget-text-editor\" data-id=\"cdab364\" data-element_type=\"widget\" data-widget_type=\"text-editor.default\">\n\t\t\t\t<div class=\"elementor-widget-container\">\n\t\t\t\t\t\t\t\t\t<p>Avant de chausser les chaussures de randonn\u00e9e, il faut parfois\u2026 manier la d\u00e9broussailleuse !<\/p><p>Chaque ann\u00e9e, des membres b\u00e9n\u00e9voles s\u2019activent \u00e0 d\u00e9broussailler les sentiers pour le plus grand plaisir des marcheurs, amoureux de la nature ambialetoise.<\/p><p>Et pour remercier ces courageux faucheurs, rien de tel qu\u2019un repas d\u2019amiti\u00e9 partag\u00e9 sous le grand noyer de la place : une r\u00e9compense bien m\u00e9rit\u00e9e dans la plus pure tradition de la convivialit\u00e9 locale.<\/p>\t\t\t\t\t\t\t\t<\/div>\n\t\t\t\t<\/div>\n\t\t\t\t<\/div>\n\t\t\t\t\t<\/div>\n\t\t\t\t<\/div>\n\t\t<div class=\"elementor-element elementor-element-ee0381d e-flex e-con-boxed e-con e-parent\" data-id=\"ee0381d\" data-element_type=\"container\">\n\t\t\t\t\t<div class=\"e-con-inner\">\n\t\t\t\t<div class=\"elementor-element elementor-element-ecf37e4 elementor-widget elementor-widget-heading\" data-id=\"ecf37e4\" data-element_type=\"widget\" data-widget_type=\"heading.default\">\n\t\t\t\t<div class=\"elementor-widget-container\">\n\t\t\t\t\t<h2 class=\"elementor-heading-title elementor-size-default\">Nos rendez-vous 2026<\/h2>\t\t\t\t<\/div>\n\t\t\t\t<\/div>\n\t\t\t\t\t<\/div>\n\t\t\t\t<\/div>\n\t\t<div class=\"elementor-element elementor-element-1e22fca e-flex e-con-boxed e-con e-parent\" data-id=\"1e22fca\" data-element_type=\"container\">\n\t\t\t\t\t<div class=\"e-con-inner\">\n\t\t\t\t<div class=\"elementor-element elementor-element-fac26ff elementor-widget elementor-widget-heading\" data-id=\"fac26ff\" data-element_type=\"widget\" data-widget_type=\"heading.default\">\n\t\t\t\t<div class=\"elementor-widget-container\">\n\t\t\t\t\t<h2 class=\"elementor-heading-title elementor-size-default\">Samedi 30 Mai - RdV salle Polyvalente \u00e0 8h30<\/h2>\t\t\t\t<\/div>\n\t\t\t\t<\/div>\n\t\t\t\t\t<\/div>\n\t\t\t\t<\/div>\n\t\t\t\t<\/div>\n\t\t","protected":false},"excerpt":{"rendered":"<p>D\u00e9broussaillage des chemins Avant de chausser les chaussures de randonn\u00e9e, il faut parfois\u2026 manier la d\u00e9broussailleuse ! Chaque ann\u00e9e, des membres b\u00e9n\u00e9voles s\u2019activent \u00e0 d\u00e9broussailler les sentiers pour le plus grand plaisir des marcheurs, amoureux de la nature ambialetoise. Et pour remercier ces courageux faucheurs, rien de tel qu\u2019un repas [&hellip;]<\/p>\n","protected":false},"author":1,"featured_media":0,"parent":0,"menu_order":0,"comment_status":"closed","ping_status":"closed","template":"page-templates\/template-fullwidth.php","meta":{"footnotes":""},"class_list":["post-296","page","type-page","status-publish","hentry"],"yoast_head":"<!-- This site is optimized with the Yoast SEO plugin v26.1.1 - https:\/\/yoast.com\/wordpress\/plugins\/seo\/ -->\n<title>D\u00e9broussaillage des chemins - ASCLA<\/title>\n<meta name=\"robots\" content=\"index, follow, max-snippet:-1, max-image-preview:large, max-video-preview:-1\" \/>\n<link rel=\"canonical\" href=\"https:\/\/ascla-ambialet.fr\/index.php\/debroussaillage-des-chemins\/\" \/>\n<meta property=\"og:locale\" content=\"fr_FR\" \/>\n<meta property=\"og:type\" content=\"article\" \/>\n<meta property=\"og:title\" content=\"D\u00e9broussaillage des chemins - ASCLA\" \/>\n<meta property=\"og:description\" content=\"D\u00e9broussaillage des chemins Avant de chausser les chaussures de randonn\u00e9e, il faut parfois\u2026 manier la d\u00e9broussailleuse ! Chaque ann\u00e9e, des membres b\u00e9n\u00e9voles s\u2019activent \u00e0 d\u00e9broussailler les sentiers pour le plus grand plaisir des marcheurs, amoureux de la nature ambialetoise. Et pour remercier ces courageux faucheurs, rien de tel qu\u2019un repas [&hellip;]\" \/>\n<meta property=\"og:url\" content=\"https:\/\/ascla-ambialet.fr\/index.php\/debroussaillage-des-chemins\/\" \/>\n<meta property=\"og:site_name\" content=\"ASCLA\" \/>\n<meta property=\"article:modified_time\" content=\"2026-04-21T13:30:15+00:00\" \/>\n<meta property=\"og:image\" content=\"https:\/\/ascla-ambialet.fr\/wp-content\/uploads\/2025\/06\/debroussaillement-debroussaillage-forestier_FR_500_0027388.jpg\" \/>\n\t<meta property=\"og:image:width\" content=\"500\" \/>\n\t<meta property=\"og:image:height\" content=\"500\" \/>\n\t<meta property=\"og:image:type\" content=\"image\/jpeg\" \/>\n<meta name=\"twitter:card\" content=\"summary_large_image\" \/>\n<meta name=\"twitter:label1\" content=\"Dur\u00e9e de lecture estim\u00e9e\" \/>\n\t<meta name=\"twitter:data1\" content=\"1 minute\" \/>\n<script type=\"application\/ld+json\" class=\"yoast-schema-graph\">{\"@context\":\"https:\/\/schema.org\",\"@graph\":[{\"@type\":\"WebPage\",\"@id\":\"https:\/\/ascla-ambialet.fr\/index.php\/debroussaillage-des-chemins\/\",\"url\":\"https:\/\/ascla-ambialet.fr\/index.php\/debroussaillage-des-chemins\/\",\"name\":\"D\u00e9broussaillage des chemins - ASCLA\",\"isPartOf\":{\"@id\":\"https:\/\/ascla-ambialet.fr\/#website\"},\"primaryImageOfPage\":{\"@id\":\"https:\/\/ascla-ambialet.fr\/index.php\/debroussaillage-des-chemins\/#primaryimage\"},\"image\":{\"@id\":\"https:\/\/ascla-ambialet.fr\/index.php\/debroussaillage-des-chemins\/#primaryimage\"},\"thumbnailUrl\":\"https:\/\/ascla-ambialet.fr\/wp-content\/uploads\/2025\/06\/debroussaillement-debroussaillage-forestier_FR_500_0027388-150x150.jpg\",\"datePublished\":\"2025-06-02T14:08:15+00:00\",\"dateModified\":\"2026-04-21T13:30:15+00:00\",\"breadcrumb\":{\"@id\":\"https:\/\/ascla-ambialet.fr\/index.php\/debroussaillage-des-chemins\/#breadcrumb\"},\"inLanguage\":\"fr-FR\",\"potentialAction\":[{\"@type\":\"ReadAction\",\"target\":[\"https:\/\/ascla-ambialet.fr\/index.php\/debroussaillage-des-chemins\/\"]}]},{\"@type\":\"ImageObject\",\"inLanguage\":\"fr-FR\",\"@id\":\"https:\/\/ascla-ambialet.fr\/index.php\/debroussaillage-des-chemins\/#primaryimage\",\"url\":\"https:\/\/ascla-ambialet.fr\/wp-content\/uploads\/2025\/06\/debroussaillement-debroussaillage-forestier_FR_500_0027388.jpg\",\"contentUrl\":\"https:\/\/ascla-ambialet.fr\/wp-content\/uploads\/2025\/06\/debroussaillement-debroussaillage-forestier_FR_500_0027388.jpg\",\"width\":500,\"height\":500,\"caption\":\"D\u00e9broussaillage par ASCLA - Ambialet- 2025\"},{\"@type\":\"BreadcrumbList\",\"@id\":\"https:\/\/ascla-ambialet.fr\/index.php\/debroussaillage-des-chemins\/#breadcrumb\",\"itemListElement\":[{\"@type\":\"ListItem\",\"position\":1,\"name\":\"Accueil\",\"item\":\"https:\/\/ascla-ambialet.fr\/\"},{\"@type\":\"ListItem\",\"position\":2,\"name\":\"D\u00e9broussaillage des chemins\"}]},{\"@type\":\"WebSite\",\"@id\":\"https:\/\/ascla-ambialet.fr\/#website\",\"url\":\"https:\/\/ascla-ambialet.fr\/\",\"name\":\"ASCLA\",\"description\":\"\",\"publisher\":{\"@id\":\"https:\/\/ascla-ambialet.fr\/#organization\"},\"potentialAction\":[{\"@type\":\"SearchAction\",\"target\":{\"@type\":\"EntryPoint\",\"urlTemplate\":\"https:\/\/ascla-ambialet.fr\/?s={search_term_string}\"},\"query-input\":{\"@type\":\"PropertyValueSpecification\",\"valueRequired\":true,\"valueName\":\"search_term_string\"}}],\"inLanguage\":\"fr-FR\"},{\"@type\":\"Organization\",\"@id\":\"https:\/\/ascla-ambialet.fr\/#organization\",\"name\":\"ASCLA\",\"url\":\"https:\/\/ascla-ambialet.fr\/\",\"logo\":{\"@type\":\"ImageObject\",\"inLanguage\":\"fr-FR\",\"@id\":\"https:\/\/ascla-ambialet.fr\/#\/schema\/logo\/image\/\",\"url\":\"https:\/\/ascla-ambialet.fr\/wp-content\/uploads\/2025\/05\/Design-sans-titre11.png\",\"contentUrl\":\"https:\/\/ascla-ambialet.fr\/wp-content\/uploads\/2025\/05\/Design-sans-titre11.png\",\"width\":800,\"height\":800,\"caption\":\"ASCLA\"},\"image\":{\"@id\":\"https:\/\/ascla-ambialet.fr\/#\/schema\/logo\/image\/\"}}]}<\/script>\n<!-- \/ Yoast SEO plugin. -->","yoast_head_json":{"title":"D\u00e9broussaillage des chemins - ASCLA","robots":{"index":"index","follow":"follow","max-snippet":"max-snippet:-1","max-image-preview":"max-image-preview:large","max-video-preview":"max-video-preview:-1"},"canonical":"https:\/\/ascla-ambialet.fr\/index.php\/debroussaillage-des-chemins\/","og_locale":"fr_FR","og_type":"article","og_title":"D\u00e9broussaillage des chemins - ASCLA","og_description":"D\u00e9broussaillage des chemins Avant de chausser les chaussures de randonn\u00e9e, il faut parfois\u2026 manier la d\u00e9broussailleuse ! Chaque ann\u00e9e, des membres b\u00e9n\u00e9voles s\u2019activent \u00e0 d\u00e9broussailler les sentiers pour le plus grand plaisir des marcheurs, amoureux de la nature ambialetoise. Et pour remercier ces courageux faucheurs, rien de tel qu\u2019un repas [&hellip;]","og_url":"https:\/\/ascla-ambialet.fr\/index.php\/debroussaillage-des-chemins\/","og_site_name":"ASCLA","article_modified_time":"2026-04-21T13:30:15+00:00","og_image":[{"width":500,"height":500,"url":"https:\/\/ascla-ambialet.fr\/wp-content\/uploads\/2025\/06\/debroussaillement-debroussaillage-forestier_FR_500_0027388.jpg","type":"image\/jpeg"}],"twitter_card":"summary_large_image","twitter_misc":{"Dur\u00e9e de lecture estim\u00e9e":"1 minute"},"schema":{"@context":"https:\/\/schema.org","@graph":[{"@type":"WebPage","@id":"https:\/\/ascla-ambialet.fr\/index.php\/debroussaillage-des-chemins\/","url":"https:\/\/ascla-ambialet.fr\/index.php\/debroussaillage-des-chemins\/","name":"D\u00e9broussaillage des chemins - ASCLA","isPartOf":{"@id":"https:\/\/ascla-ambialet.fr\/#website"},"primaryImageOfPage":{"@id":"https:\/\/ascla-ambialet.fr\/index.php\/debroussaillage-des-chemins\/#primaryimage"},"image":{"@id":"https:\/\/ascla-ambialet.fr\/index.php\/debroussaillage-des-chemins\/#primaryimage"},"thumbnailUrl":"https:\/\/ascla-ambialet.fr\/wp-content\/uploads\/2025\/06\/debroussaillement-debroussaillage-forestier_FR_500_0027388-150x150.jpg","datePublished":"2025-06-02T14:08:15+00:00","dateModified":"2026-04-21T13:30:15+00:00","breadcrumb":{"@id":"https:\/\/ascla-ambialet.fr\/index.php\/debroussaillage-des-chemins\/#breadcrumb"},"inLanguage":"fr-FR","potentialAction":[{"@type":"ReadAction","target":["https:\/\/ascla-ambialet.fr\/index.php\/debroussaillage-des-chemins\/"]}]},{"@type":"ImageObject","inLanguage":"fr-FR","@id":"https:\/\/ascla-ambialet.fr\/index.php\/debroussaillage-des-chemins\/#primaryimage","url":"https:\/\/ascla-ambialet.fr\/wp-content\/uploads\/2025\/06\/debroussaillement-debroussaillage-forestier_FR_500_0027388.jpg","contentUrl":"https:\/\/ascla-ambialet.fr\/wp-content\/uploads\/2025\/06\/debroussaillement-debroussaillage-forestier_FR_500_0027388.jpg","width":500,"height":500,"caption":"D\u00e9broussaillage par ASCLA - Ambialet- 2025"},{"@type":"BreadcrumbList","@id":"https:\/\/ascla-ambialet.fr\/index.php\/debroussaillage-des-chemins\/#breadcrumb","itemListElement":[{"@type":"ListItem","position":1,"name":"Accueil","item":"https:\/\/ascla-ambialet.fr\/"},{"@type":"ListItem","position":2,"name":"D\u00e9broussaillage des chemins"}]},{"@type":"WebSite","@id":"https:\/\/ascla-ambialet.fr\/#website","url":"https:\/\/ascla-ambialet.fr\/","name":"ASCLA","description":"","publisher":{"@id":"https:\/\/ascla-ambialet.fr\/#organization"},"potentialAction":[{"@type":"SearchAction","target":{"@type":"EntryPoint","urlTemplate":"https:\/\/ascla-ambialet.fr\/?s={search_term_string}"},"query-input":{"@type":"PropertyValueSpecification","valueRequired":true,"valueName":"search_term_string"}}],"inLanguage":"fr-FR"},{"@type":"Organization","@id":"https:\/\/ascla-ambialet.fr\/#organization","name":"ASCLA","url":"https:\/\/ascla-ambialet.fr\/","logo":{"@type":"ImageObject","inLanguage":"fr-FR","@id":"https:\/\/ascla-ambialet.fr\/#\/schema\/logo\/image\/","url":"https:\/\/ascla-ambialet.fr\/wp-content\/uploads\/2025\/05\/Design-sans-titre11.png","contentUrl":"https:\/\/ascla-ambialet.fr\/wp-content\/uploads\/2025\/05\/Design-sans-titre11.png","width":800,"height":800,"caption":"ASCLA"},"image":{"@id":"https:\/\/ascla-ambialet.fr\/#\/schema\/logo\/image\/"}}]}},"_links":{"self":[{"href":"https:\/\/ascla-ambialet.fr\/index.php\/wp-json\/wp\/v2\/pages\/296","targetHints":{"allow":["GET"]}}],"collection":[{"href":"https:\/\/ascla-ambialet.fr\/index.php\/wp-json\/wp\/v2\/pages"}],"about":[{"href":"https:\/\/ascla-ambialet.fr\/index.php\/wp-json\/wp\/v2\/types\/page"}],"author":[{"embeddable":true,"href":"https:\/\/ascla-ambialet.fr\/index.php\/wp-json\/wp\/v2\/users\/1"}],"replies":[{"embeddable":true,"href":"https:\/\/ascla-ambialet.fr\/index.php\/wp-json\/wp\/v2\/comments?post=296"}],"version-history":[{"count":25,"href":"https:\/\/ascla-ambialet.fr\/index.php\/wp-json\/wp\/v2\/pages\/296\/revisions"}],"predecessor-version":[{"id":1365,"href":"https:\/\/ascla-ambialet.fr\/index.php\/wp-json\/wp\/v2\/pages\/296\/revisions\/1365"}],"wp:attachment":[{"href":"https:\/\/ascla-ambialet.fr\/index.php\/wp-json\/wp\/v2\/media?parent=296"}],"curies":[{"name":"wp","href":"https:\/\/api.w.org\/{rel}","templated":true}]}}