{"id":89,"date":"2025-05-27T12:47:41","date_gmt":"2025-05-27T10:47:41","guid":{"rendered":"http:\/\/ascla-ambialet.fr\/?page_id=89"},"modified":"2026-04-21T15:33:34","modified_gmt":"2026-04-21T13:33:34","slug":"renovation","status":"publish","type":"page","link":"https:\/\/ascla-ambialet.fr\/index.php\/renovation\/","title":{"rendered":"R\u00e9novation du patrimoine"},"content":{"rendered":"\t\t<div data-elementor-type=\"wp-page\" data-elementor-id=\"89\" class=\"elementor elementor-89\">\n\t\t\t\t<div class=\"elementor-element elementor-element-ce2ee0f e-flex e-con-boxed e-con e-parent\" data-id=\"ce2ee0f\" data-element_type=\"container\">\n\t\t\t\t\t<div class=\"e-con-inner\">\n\t\t\t\t<div class=\"elementor-element elementor-element-1c6a2ca elementor-widget elementor-widget-spacer\" data-id=\"1c6a2ca\" data-element_type=\"widget\" data-widget_type=\"spacer.default\">\n\t\t\t\t<div class=\"elementor-widget-container\">\n\t\t\t\t\t\t\t<div class=\"elementor-spacer\">\n\t\t\t<div class=\"elementor-spacer-inner\"><\/div>\n\t\t<\/div>\n\t\t\t\t\t\t<\/div>\n\t\t\t\t<\/div>\n\t\t\t\t<div class=\"elementor-element elementor-element-8978a48 elementor-widget elementor-widget-heading\" data-id=\"8978a48\" data-element_type=\"widget\" data-widget_type=\"heading.default\">\n\t\t\t\t<div class=\"elementor-widget-container\">\n\t\t\t\t\t<h1 class=\"elementor-heading-title elementor-size-default\">R\u00e9novation du patrimoine<\/h1>\t\t\t\t<\/div>\n\t\t\t\t<\/div>\n\t\t\t\t<div class=\"elementor-element elementor-element-1d1383e elementor-widget elementor-widget-spacer\" data-id=\"1d1383e\" data-element_type=\"widget\" data-widget_type=\"spacer.default\">\n\t\t\t\t<div class=\"elementor-widget-container\">\n\t\t\t\t\t\t\t<div class=\"elementor-spacer\">\n\t\t\t<div class=\"elementor-spacer-inner\"><\/div>\n\t\t<\/div>\n\t\t\t\t\t\t<\/div>\n\t\t\t\t<\/div>\n\t\t\t\t\t<\/div>\n\t\t\t\t<\/div>\n\t\t<div class=\"elementor-element elementor-element-1065c91 e-flex e-con-boxed e-con e-parent\" data-id=\"1065c91\" data-element_type=\"container\">\n\t\t\t\t\t<div class=\"e-con-inner\">\n\t\t\t\t<div class=\"elementor-element elementor-element-33d3118f elementor-widget elementor-widget-text-editor\" data-id=\"33d3118f\" data-element_type=\"widget\" data-widget_type=\"text-editor.default\">\n\t\t\t\t<div class=\"elementor-widget-container\">\n\t\t\t\t\t\t\t\t\t<p>L\u2019ASCLA veille \u00e0 pr\u00e9server et faire revivre le patrimoine local, \u00e0 travers des actions concr\u00e8tes de r\u00e9novation.<\/p><p>L\u2019un des projets en cours concerne la <strong>restauration du Ferradou de Rentels<\/strong>, ancien dispositif utilis\u00e9 pour le ferrage des vaches de trait.<\/p><p>Contrairement aux chevaux, les vaches et les b\u0153ufs ne peuvent pas rester debout sur trois pattes : ils devaient \u00eatre maintenus dans un cadre solide, appel\u00e9 \u00ab\u00a0travail \u00e0 ferrer\u00a0\u00bb, pour leur permettre de recevoir leurs fers, souvent n\u00e9cessaires \u00e0 cause des travaux agricoles.<\/p><p>En redonnant vie \u00e0 cet \u00e9l\u00e9ment du pass\u00e9, l\u2019ASCLA rend hommage aux gestes anciens et aux savoir-faire ruraux qui ont fa\u00e7onn\u00e9 notre territoire.<\/p><p><!-- \/wp:paragraph --><\/p><p><!-- wp:paragraph --><\/p><p>Nous avons mis en place le ferradou \u00e0 son emplacement d\u2019origine au bord du GR36 \u00e0 Rentels. Deux journ\u00e9es de travail ont \u00e9t\u00e9 n\u00e9cessaires pour cela, en 2024, avec la participation de 5 b\u00e9n\u00e9voles. Il reste la couverture en ardoise \u00e0 poser !<\/p><p><!-- \/wp:paragraph --><\/p><p><!-- wp:paragraph --><\/p><p><!-- \/wp:paragraph --><\/p>\t\t\t\t\t\t\t\t<\/div>\n\t\t\t\t<\/div>\n\t\t\t\t<div class=\"elementor-element elementor-element-2ff6409 elementor-widget elementor-widget-image\" data-id=\"2ff6409\" data-element_type=\"widget\" data-widget_type=\"image.default\">\n\t\t\t\t<div class=\"elementor-widget-container\">\n\t\t\t\t\t\t\t\t\t\t\t\t\t\t\t<img fetchpriority=\"high\" decoding=\"async\" width=\"750\" height=\"563\" src=\"https:\/\/ascla-ambialet.fr\/wp-content\/uploads\/2025\/06\/WhatsApp-Image-2025-06-13-a-17.35.59_a1be4c87-1024x768.jpg\" class=\"attachment-large size-large wp-image-629\" alt=\"Ferradou de Rentels - GR 736 - restaur\u00e9 par l&#039;ASCLA \u00e0 Ambialet\" srcset=\"https:\/\/ascla-ambialet.fr\/wp-content\/uploads\/2025\/06\/WhatsApp-Image-2025-06-13-a-17.35.59_a1be4c87-1024x768.jpg 1024w, https:\/\/ascla-ambialet.fr\/wp-content\/uploads\/2025\/06\/WhatsApp-Image-2025-06-13-a-17.35.59_a1be4c87-300x225.jpg 300w, https:\/\/ascla-ambialet.fr\/wp-content\/uploads\/2025\/06\/WhatsApp-Image-2025-06-13-a-17.35.59_a1be4c87-768x576.jpg 768w, https:\/\/ascla-ambialet.fr\/wp-content\/uploads\/2025\/06\/WhatsApp-Image-2025-06-13-a-17.35.59_a1be4c87-1536x1152.jpg 1536w, https:\/\/ascla-ambialet.fr\/wp-content\/uploads\/2025\/06\/WhatsApp-Image-2025-06-13-a-17.35.59_a1be4c87.jpg 1600w\" sizes=\"(max-width: 750px) 100vw, 750px\" \/>\t\t\t\t\t\t\t\t\t\t\t\t\t\t\t<\/div>\n\t\t\t\t<\/div>\n\t\t\t\t\t<\/div>\n\t\t\t\t<\/div>\n\t\t<div class=\"elementor-element elementor-element-39a820b e-flex e-con-boxed e-con e-parent\" data-id=\"39a820b\" data-element_type=\"container\">\n\t\t\t\t\t<div class=\"e-con-inner\">\n\t\t\t\t<div class=\"elementor-element elementor-element-9d36f87 elementor-widget elementor-widget-heading\" data-id=\"9d36f87\" data-element_type=\"widget\" data-widget_type=\"heading.default\">\n\t\t\t\t<div class=\"elementor-widget-container\">\n\t\t\t\t\t<h2 class=\"elementor-heading-title elementor-size-default\">Nos rendez-vous 2026<\/h2>\t\t\t\t<\/div>\n\t\t\t\t<\/div>\n\t\t\t\t<div class=\"elementor-element elementor-element-8c3354c elementor-widget elementor-widget-heading\" data-id=\"8c3354c\" data-element_type=\"widget\" data-widget_type=\"heading.default\">\n\t\t\t\t<div class=\"elementor-widget-container\">\n\t\t\t\t\t<h2 class=\"elementor-heading-title elementor-size-default\">Mercredi 29 Avril \u00e0 14h00<\/h2>\t\t\t\t<\/div>\n\t\t\t\t<\/div>\n\t\t\t\t\t<\/div>\n\t\t\t\t<\/div>\n\t\t\t\t<\/div>\n\t\t","protected":false},"excerpt":{"rendered":"<p>R\u00e9novation du patrimoine L\u2019ASCLA veille \u00e0 pr\u00e9server et faire revivre le patrimoine local, \u00e0 travers des actions concr\u00e8tes de r\u00e9novation. L\u2019un des projets en cours concerne la restauration du Ferradou de Rentels, ancien dispositif utilis\u00e9 pour le ferrage des vaches de trait. Contrairement aux chevaux, les vaches et les b\u0153ufs [&hellip;]<\/p>\n","protected":false},"author":1,"featured_media":0,"parent":0,"menu_order":0,"comment_status":"closed","ping_status":"closed","template":"page-templates\/template-fullwidth.php","meta":{"footnotes":""},"class_list":["post-89","page","type-page","status-publish","hentry"],"yoast_head":"<!-- This site is optimized with the Yoast SEO plugin v26.1.1 - https:\/\/yoast.com\/wordpress\/plugins\/seo\/ -->\n<title>R\u00e9novation du patrimoine - ASCLA<\/title>\n<meta name=\"robots\" content=\"index, follow, max-snippet:-1, max-image-preview:large, max-video-preview:-1\" \/>\n<link rel=\"canonical\" href=\"https:\/\/ascla-ambialet.fr\/index.php\/renovation\/\" \/>\n<meta property=\"og:locale\" content=\"fr_FR\" \/>\n<meta property=\"og:type\" content=\"article\" \/>\n<meta property=\"og:title\" content=\"R\u00e9novation du patrimoine - ASCLA\" \/>\n<meta property=\"og:description\" content=\"R\u00e9novation du patrimoine L\u2019ASCLA veille \u00e0 pr\u00e9server et faire revivre le patrimoine local, \u00e0 travers des actions concr\u00e8tes de r\u00e9novation. L\u2019un des projets en cours concerne la restauration du Ferradou de Rentels, ancien dispositif utilis\u00e9 pour le ferrage des vaches de trait. Contrairement aux chevaux, les vaches et les b\u0153ufs [&hellip;]\" \/>\n<meta property=\"og:url\" content=\"https:\/\/ascla-ambialet.fr\/index.php\/renovation\/\" \/>\n<meta property=\"og:site_name\" content=\"ASCLA\" \/>\n<meta property=\"article:modified_time\" content=\"2026-04-21T13:33:34+00:00\" \/>\n<meta property=\"og:image\" content=\"https:\/\/ascla-ambialet.fr\/wp-content\/uploads\/2025\/06\/WhatsApp-Image-2025-06-13-a-17.35.59_a1be4c87.jpg\" \/>\n\t<meta property=\"og:image:width\" content=\"1600\" \/>\n\t<meta property=\"og:image:height\" content=\"1200\" \/>\n\t<meta property=\"og:image:type\" content=\"image\/jpeg\" \/>\n<meta name=\"twitter:card\" content=\"summary_large_image\" \/>\n<meta name=\"twitter:label1\" content=\"Dur\u00e9e de lecture estim\u00e9e\" \/>\n\t<meta name=\"twitter:data1\" content=\"2 minutes\" \/>\n<script type=\"application\/ld+json\" class=\"yoast-schema-graph\">{\"@context\":\"https:\/\/schema.org\",\"@graph\":[{\"@type\":\"WebPage\",\"@id\":\"https:\/\/ascla-ambialet.fr\/index.php\/renovation\/\",\"url\":\"https:\/\/ascla-ambialet.fr\/index.php\/renovation\/\",\"name\":\"R\u00e9novation du patrimoine - ASCLA\",\"isPartOf\":{\"@id\":\"https:\/\/ascla-ambialet.fr\/#website\"},\"primaryImageOfPage\":{\"@id\":\"https:\/\/ascla-ambialet.fr\/index.php\/renovation\/#primaryimage\"},\"image\":{\"@id\":\"https:\/\/ascla-ambialet.fr\/index.php\/renovation\/#primaryimage\"},\"thumbnailUrl\":\"https:\/\/ascla-ambialet.fr\/wp-content\/uploads\/2025\/06\/WhatsApp-Image-2025-06-13-a-17.35.59_a1be4c87-1024x768.jpg\",\"datePublished\":\"2025-05-27T10:47:41+00:00\",\"dateModified\":\"2026-04-21T13:33:34+00:00\",\"breadcrumb\":{\"@id\":\"https:\/\/ascla-ambialet.fr\/index.php\/renovation\/#breadcrumb\"},\"inLanguage\":\"fr-FR\",\"potentialAction\":[{\"@type\":\"ReadAction\",\"target\":[\"https:\/\/ascla-ambialet.fr\/index.php\/renovation\/\"]}]},{\"@type\":\"ImageObject\",\"inLanguage\":\"fr-FR\",\"@id\":\"https:\/\/ascla-ambialet.fr\/index.php\/renovation\/#primaryimage\",\"url\":\"https:\/\/ascla-ambialet.fr\/wp-content\/uploads\/2025\/06\/WhatsApp-Image-2025-06-13-a-17.35.59_a1be4c87.jpg\",\"contentUrl\":\"https:\/\/ascla-ambialet.fr\/wp-content\/uploads\/2025\/06\/WhatsApp-Image-2025-06-13-a-17.35.59_a1be4c87.jpg\",\"width\":1600,\"height\":1200,\"caption\":\"Ferradou de Rentels - GR 736 - restaur\u00e9 par l'ASCLA \u00e0 Ambialet\"},{\"@type\":\"BreadcrumbList\",\"@id\":\"https:\/\/ascla-ambialet.fr\/index.php\/renovation\/#breadcrumb\",\"itemListElement\":[{\"@type\":\"ListItem\",\"position\":1,\"name\":\"Accueil\",\"item\":\"https:\/\/ascla-ambialet.fr\/\"},{\"@type\":\"ListItem\",\"position\":2,\"name\":\"R\u00e9novation du patrimoine\"}]},{\"@type\":\"WebSite\",\"@id\":\"https:\/\/ascla-ambialet.fr\/#website\",\"url\":\"https:\/\/ascla-ambialet.fr\/\",\"name\":\"ASCLA\",\"description\":\"\",\"publisher\":{\"@id\":\"https:\/\/ascla-ambialet.fr\/#organization\"},\"potentialAction\":[{\"@type\":\"SearchAction\",\"target\":{\"@type\":\"EntryPoint\",\"urlTemplate\":\"https:\/\/ascla-ambialet.fr\/?s={search_term_string}\"},\"query-input\":{\"@type\":\"PropertyValueSpecification\",\"valueRequired\":true,\"valueName\":\"search_term_string\"}}],\"inLanguage\":\"fr-FR\"},{\"@type\":\"Organization\",\"@id\":\"https:\/\/ascla-ambialet.fr\/#organization\",\"name\":\"ASCLA\",\"url\":\"https:\/\/ascla-ambialet.fr\/\",\"logo\":{\"@type\":\"ImageObject\",\"inLanguage\":\"fr-FR\",\"@id\":\"https:\/\/ascla-ambialet.fr\/#\/schema\/logo\/image\/\",\"url\":\"https:\/\/ascla-ambialet.fr\/wp-content\/uploads\/2025\/05\/Design-sans-titre11.png\",\"contentUrl\":\"https:\/\/ascla-ambialet.fr\/wp-content\/uploads\/2025\/05\/Design-sans-titre11.png\",\"width\":800,\"height\":800,\"caption\":\"ASCLA\"},\"image\":{\"@id\":\"https:\/\/ascla-ambialet.fr\/#\/schema\/logo\/image\/\"}}]}<\/script>\n<!-- \/ Yoast SEO plugin. -->","yoast_head_json":{"title":"R\u00e9novation du patrimoine - ASCLA","robots":{"index":"index","follow":"follow","max-snippet":"max-snippet:-1","max-image-preview":"max-image-preview:large","max-video-preview":"max-video-preview:-1"},"canonical":"https:\/\/ascla-ambialet.fr\/index.php\/renovation\/","og_locale":"fr_FR","og_type":"article","og_title":"R\u00e9novation du patrimoine - ASCLA","og_description":"R\u00e9novation du patrimoine L\u2019ASCLA veille \u00e0 pr\u00e9server et faire revivre le patrimoine local, \u00e0 travers des actions concr\u00e8tes de r\u00e9novation. L\u2019un des projets en cours concerne la restauration du Ferradou de Rentels, ancien dispositif utilis\u00e9 pour le ferrage des vaches de trait. Contrairement aux chevaux, les vaches et les b\u0153ufs [&hellip;]","og_url":"https:\/\/ascla-ambialet.fr\/index.php\/renovation\/","og_site_name":"ASCLA","article_modified_time":"2026-04-21T13:33:34+00:00","og_image":[{"width":1600,"height":1200,"url":"https:\/\/ascla-ambialet.fr\/wp-content\/uploads\/2025\/06\/WhatsApp-Image-2025-06-13-a-17.35.59_a1be4c87.jpg","type":"image\/jpeg"}],"twitter_card":"summary_large_image","twitter_misc":{"Dur\u00e9e de lecture estim\u00e9e":"2 minutes"},"schema":{"@context":"https:\/\/schema.org","@graph":[{"@type":"WebPage","@id":"https:\/\/ascla-ambialet.fr\/index.php\/renovation\/","url":"https:\/\/ascla-ambialet.fr\/index.php\/renovation\/","name":"R\u00e9novation du patrimoine - ASCLA","isPartOf":{"@id":"https:\/\/ascla-ambialet.fr\/#website"},"primaryImageOfPage":{"@id":"https:\/\/ascla-ambialet.fr\/index.php\/renovation\/#primaryimage"},"image":{"@id":"https:\/\/ascla-ambialet.fr\/index.php\/renovation\/#primaryimage"},"thumbnailUrl":"https:\/\/ascla-ambialet.fr\/wp-content\/uploads\/2025\/06\/WhatsApp-Image-2025-06-13-a-17.35.59_a1be4c87-1024x768.jpg","datePublished":"2025-05-27T10:47:41+00:00","dateModified":"2026-04-21T13:33:34+00:00","breadcrumb":{"@id":"https:\/\/ascla-ambialet.fr\/index.php\/renovation\/#breadcrumb"},"inLanguage":"fr-FR","potentialAction":[{"@type":"ReadAction","target":["https:\/\/ascla-ambialet.fr\/index.php\/renovation\/"]}]},{"@type":"ImageObject","inLanguage":"fr-FR","@id":"https:\/\/ascla-ambialet.fr\/index.php\/renovation\/#primaryimage","url":"https:\/\/ascla-ambialet.fr\/wp-content\/uploads\/2025\/06\/WhatsApp-Image-2025-06-13-a-17.35.59_a1be4c87.jpg","contentUrl":"https:\/\/ascla-ambialet.fr\/wp-content\/uploads\/2025\/06\/WhatsApp-Image-2025-06-13-a-17.35.59_a1be4c87.jpg","width":1600,"height":1200,"caption":"Ferradou de Rentels - GR 736 - restaur\u00e9 par l'ASCLA \u00e0 Ambialet"},{"@type":"BreadcrumbList","@id":"https:\/\/ascla-ambialet.fr\/index.php\/renovation\/#breadcrumb","itemListElement":[{"@type":"ListItem","position":1,"name":"Accueil","item":"https:\/\/ascla-ambialet.fr\/"},{"@type":"ListItem","position":2,"name":"R\u00e9novation du patrimoine"}]},{"@type":"WebSite","@id":"https:\/\/ascla-ambialet.fr\/#website","url":"https:\/\/ascla-ambialet.fr\/","name":"ASCLA","description":"","publisher":{"@id":"https:\/\/ascla-ambialet.fr\/#organization"},"potentialAction":[{"@type":"SearchAction","target":{"@type":"EntryPoint","urlTemplate":"https:\/\/ascla-ambialet.fr\/?s={search_term_string}"},"query-input":{"@type":"PropertyValueSpecification","valueRequired":true,"valueName":"search_term_string"}}],"inLanguage":"fr-FR"},{"@type":"Organization","@id":"https:\/\/ascla-ambialet.fr\/#organization","name":"ASCLA","url":"https:\/\/ascla-ambialet.fr\/","logo":{"@type":"ImageObject","inLanguage":"fr-FR","@id":"https:\/\/ascla-ambialet.fr\/#\/schema\/logo\/image\/","url":"https:\/\/ascla-ambialet.fr\/wp-content\/uploads\/2025\/05\/Design-sans-titre11.png","contentUrl":"https:\/\/ascla-ambialet.fr\/wp-content\/uploads\/2025\/05\/Design-sans-titre11.png","width":800,"height":800,"caption":"ASCLA"},"image":{"@id":"https:\/\/ascla-ambialet.fr\/#\/schema\/logo\/image\/"}}]}},"_links":{"self":[{"href":"https:\/\/ascla-ambialet.fr\/index.php\/wp-json\/wp\/v2\/pages\/89","targetHints":{"allow":["GET"]}}],"collection":[{"href":"https:\/\/ascla-ambialet.fr\/index.php\/wp-json\/wp\/v2\/pages"}],"about":[{"href":"https:\/\/ascla-ambialet.fr\/index.php\/wp-json\/wp\/v2\/types\/page"}],"author":[{"embeddable":true,"href":"https:\/\/ascla-ambialet.fr\/index.php\/wp-json\/wp\/v2\/users\/1"}],"replies":[{"embeddable":true,"href":"https:\/\/ascla-ambialet.fr\/index.php\/wp-json\/wp\/v2\/comments?post=89"}],"version-history":[{"count":33,"href":"https:\/\/ascla-ambialet.fr\/index.php\/wp-json\/wp\/v2\/pages\/89\/revisions"}],"predecessor-version":[{"id":1368,"href":"https:\/\/ascla-ambialet.fr\/index.php\/wp-json\/wp\/v2\/pages\/89\/revisions\/1368"}],"wp:attachment":[{"href":"https:\/\/ascla-ambialet.fr\/index.php\/wp-json\/wp\/v2\/media?parent=89"}],"curies":[{"name":"wp","href":"https:\/\/api.w.org\/{rel}","templated":true}]}}